{"id":6940,"date":"2026-02-06T21:55:54","date_gmt":"2026-02-06T20:55:54","guid":{"rendered":"https:\/\/www.benjamin-hillig.de\/?page_id=6940"},"modified":"2026-04-02T23:22:48","modified_gmt":"2026-04-02T21:22:48","slug":"ueber-mich-2","status":"publish","type":"page","link":"https:\/\/www.benjamin-hillig.de\/?page_id=6940","title":{"rendered":"\u00dcber mich"},"content":{"rendered":"\n<div class=\"wp-block-group is-layout-grid wp-container-core-group-is-layout-eb0adb5e wp-block-group-is-layout-grid\" style=\"margin-top:0;margin-bottom:0;padding-top:0;padding-right:0;padding-bottom:0;padding-left:0\">\n<div class=\"wp-block-group is-layout-constrained wp-container-core-group-is-layout-ce8a28d1 wp-block-group-is-layout-constrained\" style=\"margin-top:0;margin-bottom:0;padding-top:var(--wp--preset--spacing--40);padding-bottom:var(--wp--preset--spacing--40)\">\n\n\n<figure class=\"wp-block-image size-large wp-container-content-69bc4bdf\"><img loading=\"lazy\" decoding=\"async\" width=\"1024\" height=\"1024\" src=\"http:\/\/www.benjamin-hillig.de\/wp-content\/uploads\/2026\/02\/Benny-web-1024x1024.jpeg\" alt=\"\" class=\"wp-image-14\" srcset=\"https:\/\/www.benjamin-hillig.de\/wp-content\/uploads\/2026\/02\/Benny-web-1024x1024.jpeg 1024w, https:\/\/www.benjamin-hillig.de\/wp-content\/uploads\/2026\/02\/Benny-web-300x300.jpeg 300w, https:\/\/www.benjamin-hillig.de\/wp-content\/uploads\/2026\/02\/Benny-web-150x150.jpeg 150w, https:\/\/www.benjamin-hillig.de\/wp-content\/uploads\/2026\/02\/Benny-web-768x768.jpeg 768w, https:\/\/www.benjamin-hillig.de\/wp-content\/uploads\/2026\/02\/Benny-web-600x600.jpeg 600w, https:\/\/www.benjamin-hillig.de\/wp-content\/uploads\/2026\/02\/Benny-web-1200x1200.jpeg 1200w, https:\/\/www.benjamin-hillig.de\/wp-content\/uploads\/2026\/02\/Benny-web-800x800.jpeg 800w, https:\/\/www.benjamin-hillig.de\/wp-content\/uploads\/2026\/02\/Benny-web.jpeg 1280w\" sizes=\"auto, (max-width: 1024px) 100vw, 1024px\" \/><\/figure>\n\n\n\n<h3 class=\"wp-block-heading\">Expertise<\/h3>\n\n\n\n<p>14 Jahre Berufserfahrung pr\u00e4gen den Weg vom studierten Produktdesigner zum technischen Projektleiter und Produktingenieur in der Automobilbranche. Die erfolgreiche Arbeit in urspr\u00fcnglich fachfremden Gebieten beweist meine F\u00e4higkeit zur schnellen Einarbeitung und zum effektiven Wissenstransfer in komplexen Strukturen.<\/p>\n<\/div>\n\n\n\n<div class=\"wp-block-group is-layout-constrained wp-container-core-group-is-layout-4e5161ea wp-block-group-is-layout-constrained\" style=\"margin-top:0;margin-bottom:0;padding-top:var(--wp--preset--spacing--40);padding-bottom:var(--wp--preset--spacing--40)\">\n\n\n<figure class=\"wp-block-image size-large wp-container-content-69bc4bdf\"><img loading=\"lazy\" decoding=\"async\" width=\"1024\" height=\"1024\" src=\"https:\/\/www.benjamin-hillig.de\/wp-content\/uploads\/2026\/03\/IMG_6584-edited-1-1024x1024.jpeg\" alt=\"\" class=\"wp-image-7324\" style=\"aspect-ratio:1;object-fit:cover\" srcset=\"https:\/\/www.benjamin-hillig.de\/wp-content\/uploads\/2026\/03\/IMG_6584-edited-1-1024x1024.jpeg 1024w, https:\/\/www.benjamin-hillig.de\/wp-content\/uploads\/2026\/03\/IMG_6584-edited-1-300x300.jpeg 300w, https:\/\/www.benjamin-hillig.de\/wp-content\/uploads\/2026\/03\/IMG_6584-edited-1-150x150.jpeg 150w, https:\/\/www.benjamin-hillig.de\/wp-content\/uploads\/2026\/03\/IMG_6584-edited-1-768x768.jpeg 768w, https:\/\/www.benjamin-hillig.de\/wp-content\/uploads\/2026\/03\/IMG_6584-edited-1-1170x1170.jpeg 1170w, https:\/\/www.benjamin-hillig.de\/wp-content\/uploads\/2026\/03\/IMG_6584-edited-1.jpeg 1237w\" sizes=\"auto, (max-width: 1024px) 100vw, 1024px\" \/><\/figure>\n\n\n\n<h3 class=\"wp-block-heading\">Hintergrund<\/h3>\n\n\n\n<p>Die Familie mit drei Kindern bildet meinen privaten Mittelpunkt. Neben dem Mountainbiken und Rennradfahren als sportlichem Ausgleich steht ein tiefes Interesse an technischen Systemen im Vordergrund. Ein ausgepr\u00e4gter Forschergeist \u2013 das Zerlegen und Reparieren von Objekten \u2013 spiegelt dabei die grundlegende Neugier auf die Funktionsweise komplexer Strukturen wider.<\/p>\n<\/div>\n\n\n\n<div class=\"wp-block-group is-layout-constrained wp-container-core-group-is-layout-8e327ffc wp-block-group-is-layout-constrained\" style=\"padding-top:var(--wp--preset--spacing--40);padding-bottom:var(--wp--preset--spacing--40)\">\n\n\n<figure class=\"wp-block-image size-full\"><img loading=\"lazy\" decoding=\"async\" width=\"683\" height=\"683\" src=\"http:\/\/www.benjamin-hillig.de\/wp-content\/uploads\/2026\/02\/IMG_6098-e1770056373611.jpg\" alt=\"\" class=\"wp-image-17\" srcset=\"https:\/\/www.benjamin-hillig.de\/wp-content\/uploads\/2026\/02\/IMG_6098-e1770056373611.jpg 683w, https:\/\/www.benjamin-hillig.de\/wp-content\/uploads\/2026\/02\/IMG_6098-e1770056373611-300x300.jpg 300w, https:\/\/www.benjamin-hillig.de\/wp-content\/uploads\/2026\/02\/IMG_6098-e1770056373611-150x150.jpg 150w, https:\/\/www.benjamin-hillig.de\/wp-content\/uploads\/2026\/02\/IMG_6098-e1770056373611-600x600.jpg 600w\" sizes=\"auto, (max-width: 683px) 100vw, 683px\" \/><\/figure>\n\n\n\n<h3 class=\"wp-block-heading\">Werte &amp; St\u00e4rken<\/h3>\n\n\n\n<p>Strategisches Denken und eine tiefe Wissbegierde bilden den Kern meiner Arbeitsweise. <br>Ich liebe es, mich in komplexe Strukturen hineinzudenken, Fehler zu finden und R\u00e4tsel zu l\u00f6sen.<br>Eine hohe Empathie erm\u00f6glicht den schnellen Zugang zu anderen Perspektiven in der Zusammenarbeit.<br>Meine Arbeit als Coach und Berater fu\u00dft auf einem stabilen Werteger\u00fcst.<\/p>\n<\/div>\n<\/div>\n","protected":false},"excerpt":{"rendered":"<p>Expertise 14 Jahre Berufserfahrung pr\u00e4gen den Weg vom studierten Produktdesigner zum technischen Projektleiter und Produktingenieur in der Automobilbranche. Die erfolgreiche Arbeit in urspr\u00fcnglich fachfremden Gebieten beweist meine F\u00e4higkeit zur schnellen Einarbeitung und zum effektiven Wissenstransfer in komplexen Strukturen. Hintergrund Die Familie mit drei Kindern bildet meinen privaten Mittelpunkt. Neben dem Mountainbiken und Rennradfahren als sportlichem [&hellip;]<\/p>\n","protected":false},"author":1,"featured_media":0,"parent":5550,"menu_order":0,"comment_status":"closed","ping_status":"closed","template":"","meta":{"footnotes":""},"class_list":["post-6940","page","type-page","status-publish","hentry"],"_links":{"self":[{"href":"https:\/\/www.benjamin-hillig.de\/index.php?rest_route=\/wp\/v2\/pages\/6940","targetHints":{"allow":["GET"]}}],"collection":[{"href":"https:\/\/www.benjamin-hillig.de\/index.php?rest_route=\/wp\/v2\/pages"}],"about":[{"href":"https:\/\/www.benjamin-hillig.de\/index.php?rest_route=\/wp\/v2\/types\/page"}],"author":[{"embeddable":true,"href":"https:\/\/www.benjamin-hillig.de\/index.php?rest_route=\/wp\/v2\/users\/1"}],"replies":[{"embeddable":true,"href":"https:\/\/www.benjamin-hillig.de\/index.php?rest_route=%2Fwp%2Fv2%2Fcomments&post=6940"}],"version-history":[{"count":46,"href":"https:\/\/www.benjamin-hillig.de\/index.php?rest_route=\/wp\/v2\/pages\/6940\/revisions"}],"predecessor-version":[{"id":7706,"href":"https:\/\/www.benjamin-hillig.de\/index.php?rest_route=\/wp\/v2\/pages\/6940\/revisions\/7706"}],"up":[{"embeddable":true,"href":"https:\/\/www.benjamin-hillig.de\/index.php?rest_route=\/wp\/v2\/pages\/5550"}],"wp:attachment":[{"href":"https:\/\/www.benjamin-hillig.de\/index.php?rest_route=%2Fwp%2Fv2%2Fmedia&parent=6940"}],"curies":[{"name":"wp","href":"https:\/\/api.w.org\/{rel}","templated":true}]}}